{"id":75,"date":"2020-07-17T22:49:06","date_gmt":"2020-07-17T19:49:06","guid":{"rendered":"http:\/\/tarnita.ro\/wordpress\/?page_id=75"},"modified":"2025-05-26T21:39:04","modified_gmt":"2025-05-26T18:39:04","slug":"caiace","status":"publish","type":"page","link":"https:\/\/tarnita.ro\/wordpress\/","title":{"rendered":"Caiace \/ Canoe"},"content":{"rendered":"\n<figure class=\"wp-block-image size-large\"><img loading=\"lazy\" decoding=\"async\" width=\"1024\" height=\"565\" src=\"https:\/\/tarnita.ro\/wordpress\/wp-content\/uploads\/2025\/05\/caiace-pentru-pagina-1024x565.jpg\" alt=\"\" class=\"wp-image-390\" srcset=\"https:\/\/tarnita.ro\/wordpress\/wp-content\/uploads\/2025\/05\/caiace-pentru-pagina-1024x565.jpg 1024w, https:\/\/tarnita.ro\/wordpress\/wp-content\/uploads\/2025\/05\/caiace-pentru-pagina-300x165.jpg 300w, https:\/\/tarnita.ro\/wordpress\/wp-content\/uploads\/2025\/05\/caiace-pentru-pagina-768x424.jpg 768w, https:\/\/tarnita.ro\/wordpress\/wp-content\/uploads\/2025\/05\/caiace-pentru-pagina-1536x847.jpg 1536w, https:\/\/tarnita.ro\/wordpress\/wp-content\/uploads\/2025\/05\/caiace-pentru-pagina-2048x1129.jpg 2048w, https:\/\/tarnita.ro\/wordpress\/wp-content\/uploads\/2025\/05\/caiace-pentru-pagina-500x276.jpg 500w\" sizes=\"auto, (max-width: 1024px) 100vw, 1024px\" \/><\/figure>\n\n\n\n<p>La Yachting Club Tarnita v\u0103 punem la dispozi\u021bie un total de 51 de caiace de 14 modele, acoperind toat\u0103 gam\u0103 de op\u021biuni pentru plimb\u0103ri cu caiacul. Avem astfel o capacitate de a pune 100 de persoane pe ap\u0103 \u00een caiace \u0219i canoe \u0219i alte 31 pe Stand Up Paddle. Putem acomoda at\u00e2t familii cu copii c\u00e2t \u0219i firme la team building.<\/p>\n\n\n\n<p><\/p>\n\n\n\n<p class=\"has-medium-font-size\"><strong>Caiac &#8220;Riot Quest 10&#8221; &#8211; 40 lei \/ or\u0103<\/strong><br><strong>Disponibilitate: 16 buc\u0103\u021bi<\/strong><\/p>\n\n\n\n<p>Acestea sunt cele mai populare caiace la Yachting Club Tarnita. Sunt caiace foarte u\u0219oare, stabile \u0219i simple de manevrat, perfect pentru cine incearc\u0103 caiacul pentru prima oar\u0103.<\/p>\n\n\n\n<figure class=\"wp-block-image size-large\"><img loading=\"lazy\" decoding=\"async\" width=\"976\" height=\"750\" src=\"https:\/\/tarnita.ro\/wordpress\/wp-content\/uploads\/2020\/08\/riotquest1.jpg\" alt=\"\" class=\"wp-image-176\" srcset=\"https:\/\/tarnita.ro\/wordpress\/wp-content\/uploads\/2020\/08\/riotquest1.jpg 976w, https:\/\/tarnita.ro\/wordpress\/wp-content\/uploads\/2020\/08\/riotquest1-300x231.jpg 300w, https:\/\/tarnita.ro\/wordpress\/wp-content\/uploads\/2020\/08\/riotquest1-768x590.jpg 768w, https:\/\/tarnita.ro\/wordpress\/wp-content\/uploads\/2020\/08\/riotquest1-390x300.jpg 390w\" sizes=\"auto, (max-width: 976px) 100vw, 976px\" \/><\/figure>\n\n\n\n<figure class=\"wp-block-image size-large\"><img loading=\"lazy\" decoding=\"async\" width=\"1000\" height=\"750\" src=\"https:\/\/tarnita.ro\/wordpress\/wp-content\/uploads\/2020\/08\/riotquest.jpg\" alt=\"\" class=\"wp-image-170\" srcset=\"https:\/\/tarnita.ro\/wordpress\/wp-content\/uploads\/2020\/08\/riotquest.jpg 1000w, https:\/\/tarnita.ro\/wordpress\/wp-content\/uploads\/2020\/08\/riotquest-300x225.jpg 300w, https:\/\/tarnita.ro\/wordpress\/wp-content\/uploads\/2020\/08\/riotquest-768x576.jpg 768w, https:\/\/tarnita.ro\/wordpress\/wp-content\/uploads\/2020\/08\/riotquest-400x300.jpg 400w\" sizes=\"auto, (max-width: 1000px) 100vw, 1000px\" \/><\/figure>\n\n\n\n<p class=\"has-medium-font-size\"><strong>Caiac sit in &#8220;Azul Journey 13&#8221; &#8211; 40 lei \/ or\u0103<\/strong><br><strong>Disponibilitate: 6 buc\u0103\u021bi<\/strong><\/p>\n\n\n\n<p>Stabil, \u021bine perfect direc\u021bia datorit\u0103 unui mic derivor, hidrodinamic \u0219i se mi\u0219c\u0103 u\u0219or pe ap\u0103. Este \u0219i el ideal pentru plimb\u0103ri mai lungi pe lac. <\/p>\n\n\n\n<figure class=\"wp-block-image size-large\"><img loading=\"lazy\" decoding=\"async\" width=\"1000\" height=\"533\" src=\"https:\/\/tarnita.ro\/wordpress\/wp-content\/uploads\/2021\/10\/azuljourney13m.jpg\" alt=\"\" class=\"wp-image-247\" srcset=\"https:\/\/tarnita.ro\/wordpress\/wp-content\/uploads\/2021\/10\/azuljourney13m.jpg 1000w, https:\/\/tarnita.ro\/wordpress\/wp-content\/uploads\/2021\/10\/azuljourney13m-300x160.jpg 300w, https:\/\/tarnita.ro\/wordpress\/wp-content\/uploads\/2021\/10\/azuljourney13m-768x409.jpg 768w, https:\/\/tarnita.ro\/wordpress\/wp-content\/uploads\/2021\/10\/azuljourney13m-500x267.jpg 500w\" sizes=\"auto, (max-width: 1000px) 100vw, 1000px\" \/><\/figure>\n\n\n\n<figure class=\"wp-block-image size-large\"><img loading=\"lazy\" decoding=\"async\" width=\"1000\" height=\"200\" src=\"https:\/\/tarnita.ro\/wordpress\/wp-content\/uploads\/2021\/10\/azuljourney13.jpg\" alt=\"\" class=\"wp-image-246\" srcset=\"https:\/\/tarnita.ro\/wordpress\/wp-content\/uploads\/2021\/10\/azuljourney13.jpg 1000w, https:\/\/tarnita.ro\/wordpress\/wp-content\/uploads\/2021\/10\/azuljourney13-300x60.jpg 300w, https:\/\/tarnita.ro\/wordpress\/wp-content\/uploads\/2021\/10\/azuljourney13-768x154.jpg 768w, https:\/\/tarnita.ro\/wordpress\/wp-content\/uploads\/2021\/10\/azuljourney13-500x100.jpg 500w\" sizes=\"auto, (max-width: 1000px) 100vw, 1000px\" \/><\/figure>\n\n\n\n<p class=\"has-medium-font-size\"><strong>Caiac sit in &#8220;Feel Free Atlantis 14&#8221; &#8211; 40 lei \/ or\u0103<\/strong><br><strong>Disponibilitate: 6 buc\u0103\u021bi<\/strong><\/p>\n\n\n\n<figure class=\"wp-block-image size-full\"><img loading=\"lazy\" decoding=\"async\" width=\"1000\" height=\"117\" src=\"https:\/\/tarnita.ro\/wordpress\/wp-content\/uploads\/2022\/04\/Feel-free1.jpg\" alt=\"\" class=\"wp-image-258\" srcset=\"https:\/\/tarnita.ro\/wordpress\/wp-content\/uploads\/2022\/04\/Feel-free1.jpg 1000w, https:\/\/tarnita.ro\/wordpress\/wp-content\/uploads\/2022\/04\/Feel-free1-300x35.jpg 300w, https:\/\/tarnita.ro\/wordpress\/wp-content\/uploads\/2022\/04\/Feel-free1-768x90.jpg 768w, https:\/\/tarnita.ro\/wordpress\/wp-content\/uploads\/2022\/04\/Feel-free1-500x59.jpg 500w\" sizes=\"auto, (max-width: 1000px) 100vw, 1000px\" \/><\/figure>\n\n\n\n<p>Acest tip de caiac este cel mai interesant pe care-l avem, este hidrodinamic, confortabil, curge bine \u0219i e u\u0219or de manevrat datorit\u0103 c\u00e2rmei ac\u021bionate prin pedale. Este ideal pentru plimb\u0103ri mai lungi pe lac. <\/p>\n\n\n\n<figure class=\"wp-block-image size-large\"><img loading=\"lazy\" decoding=\"async\" width=\"1000\" height=\"668\" src=\"https:\/\/tarnita.ro\/wordpress\/wp-content\/uploads\/2020\/07\/Feel-free.jpg\" alt=\"\" class=\"wp-image-102\" srcset=\"https:\/\/tarnita.ro\/wordpress\/wp-content\/uploads\/2020\/07\/Feel-free.jpg 1000w, https:\/\/tarnita.ro\/wordpress\/wp-content\/uploads\/2020\/07\/Feel-free-300x200.jpg 300w, https:\/\/tarnita.ro\/wordpress\/wp-content\/uploads\/2020\/07\/Feel-free-768x513.jpg 768w, https:\/\/tarnita.ro\/wordpress\/wp-content\/uploads\/2020\/07\/Feel-free-449x300.jpg 449w\" sizes=\"auto, (max-width: 1000px) 100vw, 1000px\" \/><\/figure>\n\n\n\n<p class=\"has-medium-font-size\"><strong>Caiac sit in &#8220;DAG Strim junior&#8221; &#8211; 40 lei \/ or\u0103<\/strong><br><strong>Disponibilitate: 3 buc\u0103\u021bi<\/strong><\/p>\n\n\n\n<p>Acest caiac este destinat copiiilor. Este u\u0219or, \u00eengust \u0219i copiii \u00eel pot manevra u\u0219or.<\/p>\n\n\n\n<figure class=\"wp-block-image size-full\"><img loading=\"lazy\" decoding=\"async\" width=\"1000\" height=\"317\" src=\"https:\/\/tarnita.ro\/wordpress\/wp-content\/uploads\/2022\/04\/strimjunior.jpg\" alt=\"\" class=\"wp-image-254\" srcset=\"https:\/\/tarnita.ro\/wordpress\/wp-content\/uploads\/2022\/04\/strimjunior.jpg 1000w, https:\/\/tarnita.ro\/wordpress\/wp-content\/uploads\/2022\/04\/strimjunior-300x95.jpg 300w, https:\/\/tarnita.ro\/wordpress\/wp-content\/uploads\/2022\/04\/strimjunior-768x243.jpg 768w, https:\/\/tarnita.ro\/wordpress\/wp-content\/uploads\/2022\/04\/strimjunior-500x159.jpg 500w\" sizes=\"auto, (max-width: 1000px) 100vw, 1000px\" \/><\/figure>\n\n\n\n<p class=\"has-medium-font-size\"><strong>Caiac sit in &#8220;DAG Strim senior&#8221; &#8211; 40 lei \/ or\u0103<\/strong><br><strong>Disponibilitate: 2 buc\u0103\u021bi<\/strong><\/p>\n\n\n\n<p>Acest caiac este destinat at\u00e2t adul\u021bilor, c\u00e2t \u0219i copiiilor. Este modelul mai mare din gama Strim u\u0219or, \u00eengust \u0219i copiii \u00eel pot manevra u\u0219or.<\/p>\n\n\n\n<figure class=\"wp-block-image size-full\"><img loading=\"lazy\" decoding=\"async\" width=\"1000\" height=\"317\" src=\"https:\/\/tarnita.ro\/wordpress\/wp-content\/uploads\/2022\/04\/strimsenior.jpg\" alt=\"\" class=\"wp-image-255\" srcset=\"https:\/\/tarnita.ro\/wordpress\/wp-content\/uploads\/2022\/04\/strimsenior.jpg 1000w, https:\/\/tarnita.ro\/wordpress\/wp-content\/uploads\/2022\/04\/strimsenior-300x95.jpg 300w, https:\/\/tarnita.ro\/wordpress\/wp-content\/uploads\/2022\/04\/strimsenior-768x243.jpg 768w, https:\/\/tarnita.ro\/wordpress\/wp-content\/uploads\/2022\/04\/strimsenior-500x159.jpg 500w\" sizes=\"auto, (max-width: 1000px) 100vw, 1000px\" \/><\/figure>\n\n\n\n<p class=\"has-medium-font-size\"><strong>Caiac sit in white water &#8211; 40 lei \/ or\u0103<\/strong><br><strong>Disponibilitate: 2 buc\u0103\u021bi<\/strong><\/p>\n\n\n\n<p>Acest caiac este destinat at\u00e2t adul\u021bilor, c\u00e2t \u0219i copiiilor. Este u\u0219or \u0219i se manevreaz\u0103 f\u0103r\u0103 probleme \u0219i de c\u0103tre copii de peste 5 ani.<\/p>\n\n\n\n<figure class=\"wp-block-image size-large\"><img loading=\"lazy\" decoding=\"async\" width=\"1000\" height=\"668\" src=\"https:\/\/tarnita.ro\/wordpress\/wp-content\/uploads\/2020\/07\/caiac-copii.jpg\" alt=\"\" class=\"wp-image-103\" srcset=\"https:\/\/tarnita.ro\/wordpress\/wp-content\/uploads\/2020\/07\/caiac-copii.jpg 1000w, https:\/\/tarnita.ro\/wordpress\/wp-content\/uploads\/2020\/07\/caiac-copii-300x200.jpg 300w, https:\/\/tarnita.ro\/wordpress\/wp-content\/uploads\/2020\/07\/caiac-copii-768x513.jpg 768w, https:\/\/tarnita.ro\/wordpress\/wp-content\/uploads\/2020\/07\/caiac-copii-449x300.jpg 449w\" sizes=\"auto, (max-width: 1000px) 100vw, 1000px\" \/><\/figure>\n\n\n\n<p class=\"has-medium-font-size\"><strong>Caiac sit on top single<\/strong> <strong>&#8211; &#8220;BIC Ouassou&#8221; &#8211; 40 lei \/ or\u0103<\/strong><br><strong>Disponibilitate: 2 buc\u0103\u021bi<\/strong><\/p>\n\n\n\n<p>Acest caiac de agrement este destinat at\u00e2t copiiilor c\u00e2t \u0219i adul\u021bilor. Ofer\u0103 mult\u0103 stabilitate \u0219i este u\u0219or de manevrat.<\/p>\n\n\n\n<figure class=\"wp-block-image size-large\"><img loading=\"lazy\" decoding=\"async\" width=\"1000\" height=\"668\" src=\"https:\/\/tarnita.ro\/wordpress\/wp-content\/uploads\/2020\/07\/Ouassou.jpg\" alt=\"\" class=\"wp-image-105\" srcset=\"https:\/\/tarnita.ro\/wordpress\/wp-content\/uploads\/2020\/07\/Ouassou.jpg 1000w, https:\/\/tarnita.ro\/wordpress\/wp-content\/uploads\/2020\/07\/Ouassou-300x200.jpg 300w, https:\/\/tarnita.ro\/wordpress\/wp-content\/uploads\/2020\/07\/Ouassou-768x513.jpg 768w, https:\/\/tarnita.ro\/wordpress\/wp-content\/uploads\/2020\/07\/Ouassou-449x300.jpg 449w\" sizes=\"auto, (max-width: 1000px) 100vw, 1000px\" \/><\/figure>\n\n\n\n<p class=\"has-medium-font-size\"><strong>Caiac sit on top single<\/strong> <strong>&#8211; &#8220;BIC Bilbao&#8221; &#8211; 40 lei \/ or\u0103<\/strong><br><strong>Disponibilitate: 1 bucat\u0103<\/strong><\/p>\n\n\n\n<p>Acest caiac de agrement este destinat at\u00e2t copiiilor c\u00e2t \u0219i adul\u021bilor. Ofer\u0103 mult\u0103 stabilitate, este hidrodinamic \u0219i este u\u0219or de manevrat.<\/p>\n\n\n\n<figure class=\"wp-block-image size-full\"><img loading=\"lazy\" decoding=\"async\" width=\"999\" height=\"263\" src=\"https:\/\/tarnita.ro\/wordpress\/wp-content\/uploads\/2022\/04\/bilbao1.jpg\" alt=\"\" class=\"wp-image-252\" srcset=\"https:\/\/tarnita.ro\/wordpress\/wp-content\/uploads\/2022\/04\/bilbao1.jpg 999w, https:\/\/tarnita.ro\/wordpress\/wp-content\/uploads\/2022\/04\/bilbao1-300x79.jpg 300w, https:\/\/tarnita.ro\/wordpress\/wp-content\/uploads\/2022\/04\/bilbao1-768x202.jpg 768w, https:\/\/tarnita.ro\/wordpress\/wp-content\/uploads\/2022\/04\/bilbao1-500x132.jpg 500w\" sizes=\"auto, (max-width: 999px) 100vw, 999px\" \/><\/figure>\n\n\n\n<figure class=\"wp-block-image size-full\"><img loading=\"lazy\" decoding=\"async\" width=\"1000\" height=\"603\" src=\"https:\/\/tarnita.ro\/wordpress\/wp-content\/uploads\/2022\/04\/bilbao2.jpg\" alt=\"\" class=\"wp-image-260\" srcset=\"https:\/\/tarnita.ro\/wordpress\/wp-content\/uploads\/2022\/04\/bilbao2.jpg 1000w, https:\/\/tarnita.ro\/wordpress\/wp-content\/uploads\/2022\/04\/bilbao2-300x181.jpg 300w, https:\/\/tarnita.ro\/wordpress\/wp-content\/uploads\/2022\/04\/bilbao2-768x463.jpg 768w, https:\/\/tarnita.ro\/wordpress\/wp-content\/uploads\/2022\/04\/bilbao2-498x300.jpg 498w\" sizes=\"auto, (max-width: 1000px) 100vw, 1000px\" \/><\/figure>\n\n\n\n<p class=\"has-medium-font-size\"><strong>Caiac sit in dublu<\/strong> <strong>&#8211; &#8220;Riot Polarity&#8221; &#8211; 80 lei \/ or\u0103<\/strong><br><strong>Disponibilitate: 4 buc\u0103\u021bi<\/strong><\/p>\n\n\n\n<p>Acest caiac de tur\u0103 dublu ofer\u0103 loc la dou\u0103 persoane. Este un caiac comfortabil, stabil \u0219i este u\u0219or de manevrat datorit\u0103 c\u00e2rmei ac\u021bionate prin pedale. Recomand\u0103m acest model pentru plimb\u0103ri mai lungi pe lac.<\/p>\n\n\n\n<figure class=\"wp-block-image size-full\"><img loading=\"lazy\" decoding=\"async\" width=\"1024\" height=\"317\" src=\"https:\/\/tarnita.ro\/wordpress\/wp-content\/uploads\/2022\/04\/polarity.jpg\" alt=\"\" class=\"wp-image-256\" srcset=\"https:\/\/tarnita.ro\/wordpress\/wp-content\/uploads\/2022\/04\/polarity.jpg 1024w, https:\/\/tarnita.ro\/wordpress\/wp-content\/uploads\/2022\/04\/polarity-300x93.jpg 300w, https:\/\/tarnita.ro\/wordpress\/wp-content\/uploads\/2022\/04\/polarity-768x238.jpg 768w, https:\/\/tarnita.ro\/wordpress\/wp-content\/uploads\/2022\/04\/polarity-500x155.jpg 500w\" sizes=\"auto, (max-width: 1024px) 100vw, 1024px\" \/><\/figure>\n\n\n\n<figure class=\"wp-block-image size-full\"><img loading=\"lazy\" decoding=\"async\" width=\"1000\" height=\"563\" src=\"https:\/\/tarnita.ro\/wordpress\/wp-content\/uploads\/2022\/04\/polarity1.jpg\" alt=\"\" class=\"wp-image-257\" srcset=\"https:\/\/tarnita.ro\/wordpress\/wp-content\/uploads\/2022\/04\/polarity1.jpg 1000w, https:\/\/tarnita.ro\/wordpress\/wp-content\/uploads\/2022\/04\/polarity1-300x169.jpg 300w, https:\/\/tarnita.ro\/wordpress\/wp-content\/uploads\/2022\/04\/polarity1-768x432.jpg 768w, https:\/\/tarnita.ro\/wordpress\/wp-content\/uploads\/2022\/04\/polarity1-500x282.jpg 500w\" sizes=\"auto, (max-width: 1000px) 100vw, 1000px\" \/><\/figure>\n\n\n\n<p class=\"has-medium-font-size\"><strong>Caiac sit on top dublu<\/strong> <strong>&#8211; &#8220;BIC Trinidad&#8221; &#8211; 60 lei \/ or\u0103<\/strong><br><strong>Disponibilitate: 2 buc\u0103\u021bi<\/strong><\/p>\n\n\n\n<p>Acest caiac de agrement ofer\u0103 loc la doi adul\u021bi \u0219i un copil. Este un caiac stabil \u0219i este u\u0219or de manevrat.<\/p>\n\n\n\n<figure class=\"wp-block-image size-large\"><img loading=\"lazy\" decoding=\"async\" width=\"1000\" height=\"668\" src=\"https:\/\/tarnita.ro\/wordpress\/wp-content\/uploads\/2020\/07\/trinidad.jpg\" alt=\"\" class=\"wp-image-106\" srcset=\"https:\/\/tarnita.ro\/wordpress\/wp-content\/uploads\/2020\/07\/trinidad.jpg 1000w, https:\/\/tarnita.ro\/wordpress\/wp-content\/uploads\/2020\/07\/trinidad-300x200.jpg 300w, https:\/\/tarnita.ro\/wordpress\/wp-content\/uploads\/2020\/07\/trinidad-768x513.jpg 768w, https:\/\/tarnita.ro\/wordpress\/wp-content\/uploads\/2020\/07\/trinidad-449x300.jpg 449w\" sizes=\"auto, (max-width: 1000px) 100vw, 1000px\" \/><\/figure>\n\n\n\n<p class=\"has-medium-font-size\"><strong>Caiac sit on top dublu<\/strong> <strong>&#8211; &#8220;BIC Tobago&#8221; &#8211; 60 lei \/ or\u0103<\/strong><br><strong>Disponibilitate: 2 buc\u0103\u021bi<\/strong><\/p>\n\n\n\n<p>Acest caiac de agrement ofer\u0103 loc la doi adul\u021bi \u0219i un copil. Este un caiac stabil, ceva mai hidrodinamic decat modelul Trinidad \u0219i este u\u0219or de manevrat.<\/p>\n\n\n\n<figure class=\"wp-block-image size-large\"><img loading=\"lazy\" decoding=\"async\" width=\"1000\" height=\"672\" src=\"https:\/\/tarnita.ro\/wordpress\/wp-content\/uploads\/2021\/08\/tobago.jpg\" alt=\"\" class=\"wp-image-233\" srcset=\"https:\/\/tarnita.ro\/wordpress\/wp-content\/uploads\/2021\/08\/tobago.jpg 1000w, https:\/\/tarnita.ro\/wordpress\/wp-content\/uploads\/2021\/08\/tobago-300x202.jpg 300w, https:\/\/tarnita.ro\/wordpress\/wp-content\/uploads\/2021\/08\/tobago-768x516.jpg 768w, https:\/\/tarnita.ro\/wordpress\/wp-content\/uploads\/2021\/08\/tobago-446x300.jpg 446w\" sizes=\"auto, (max-width: 1000px) 100vw, 1000px\" \/><\/figure>\n\n\n\n<p class=\"has-medium-font-size\"><strong>Caiac sit on top triplu<\/strong> <strong>&#8211; &#8220;BIC Kalao&#8221; &#8211; 90 lei \/ or\u0103<\/strong><br><strong>Disponibilitate: 2 buc\u0103\u021bi<\/strong><\/p>\n\n\n\n<p>Acest caiac de agrement ofer\u0103 loc la trei adul\u021bi sau un adult si mai mul\u021bi copii. Este cel mai stabil caiac al nostru.<\/p>\n\n\n\n<figure class=\"wp-block-image size-large\"><img loading=\"lazy\" decoding=\"async\" width=\"1000\" height=\"668\" src=\"https:\/\/tarnita.ro\/wordpress\/wp-content\/uploads\/2020\/07\/kalao.jpg\" alt=\"\" class=\"wp-image-107\" srcset=\"https:\/\/tarnita.ro\/wordpress\/wp-content\/uploads\/2020\/07\/kalao.jpg 1000w, https:\/\/tarnita.ro\/wordpress\/wp-content\/uploads\/2020\/07\/kalao-300x200.jpg 300w, https:\/\/tarnita.ro\/wordpress\/wp-content\/uploads\/2020\/07\/kalao-768x513.jpg 768w, https:\/\/tarnita.ro\/wordpress\/wp-content\/uploads\/2020\/07\/kalao-449x300.jpg 449w\" sizes=\"auto, (max-width: 1000px) 100vw, 1000px\" \/><\/figure>\n\n\n\n<figure class=\"wp-block-image size-large\"><img loading=\"lazy\" decoding=\"async\" width=\"1000\" height=\"750\" src=\"https:\/\/tarnita.ro\/wordpress\/wp-content\/uploads\/2020\/09\/kalao1.jpg\" alt=\"\" class=\"wp-image-195\" srcset=\"https:\/\/tarnita.ro\/wordpress\/wp-content\/uploads\/2020\/09\/kalao1.jpg 1000w, https:\/\/tarnita.ro\/wordpress\/wp-content\/uploads\/2020\/09\/kalao1-300x225.jpg 300w, https:\/\/tarnita.ro\/wordpress\/wp-content\/uploads\/2020\/09\/kalao1-768x576.jpg 768w, https:\/\/tarnita.ro\/wordpress\/wp-content\/uploads\/2020\/09\/kalao1-400x300.jpg 400w\" sizes=\"auto, (max-width: 1000px) 100vw, 1000px\" \/><\/figure>\n\n\n\n<p class=\"has-medium-font-size\"><strong>Caiac sit on top triplu<\/strong> <strong>&#8211; &#8220;BIC Borneo&#8221; &#8211; 90 lei \/ or\u0103<\/strong><br><strong>Disponibilitate: 2 buc\u0103\u021bi<\/strong><\/p>\n\n\n\n<p>Acest caiac de agrement ofer\u0103 loc la trei adul\u021bi sau un adult si mai mul\u021bi copii. Este cel mai stabil caiac al nostru.<\/p>\n\n\n\n<figure class=\"wp-block-image size-full\"><img loading=\"lazy\" decoding=\"async\" width=\"999\" height=\"263\" src=\"https:\/\/tarnita.ro\/wordpress\/wp-content\/uploads\/2022\/04\/borneo.jpg\" alt=\"\" class=\"wp-image-253\" srcset=\"https:\/\/tarnita.ro\/wordpress\/wp-content\/uploads\/2022\/04\/borneo.jpg 999w, https:\/\/tarnita.ro\/wordpress\/wp-content\/uploads\/2022\/04\/borneo-300x79.jpg 300w, https:\/\/tarnita.ro\/wordpress\/wp-content\/uploads\/2022\/04\/borneo-768x202.jpg 768w, https:\/\/tarnita.ro\/wordpress\/wp-content\/uploads\/2022\/04\/borneo-500x132.jpg 500w\" sizes=\"auto, (max-width: 999px) 100vw, 999px\" \/><\/figure>\n\n\n\n<p class=\"has-medium-font-size\"><strong>Canoe Rainbow Apache<\/strong> <strong>17 &#8211; 100 lei \/ or\u0103<\/strong><br><strong>Disponibilitate: 9 buc\u0103\u021bi<\/strong><\/p>\n\n\n\n<p>Canoele noastre sunt vapoarele dintre ambarcatiuni. Combina\u021biile pentru ocupare pot fi doi adul\u021bi \u0219i doi copii sau patru adul\u021bi. Sunt foarte stabile \u0219i ofer\u0103 loc \u0219i pentru bagaje.<\/p>\n\n\n\n<figure class=\"wp-block-image size-large\"><img loading=\"lazy\" decoding=\"async\" width=\"1024\" height=\"310\" src=\"https:\/\/tarnita.ro\/wordpress\/wp-content\/uploads\/2025\/05\/image-1024x310.png\" alt=\"\" class=\"wp-image-387\" srcset=\"https:\/\/tarnita.ro\/wordpress\/wp-content\/uploads\/2025\/05\/image-1024x310.png 1024w, https:\/\/tarnita.ro\/wordpress\/wp-content\/uploads\/2025\/05\/image-300x91.png 300w, https:\/\/tarnita.ro\/wordpress\/wp-content\/uploads\/2025\/05\/image-768x233.png 768w, https:\/\/tarnita.ro\/wordpress\/wp-content\/uploads\/2025\/05\/image-1536x465.png 1536w, https:\/\/tarnita.ro\/wordpress\/wp-content\/uploads\/2025\/05\/image-500x151.png 500w, https:\/\/tarnita.ro\/wordpress\/wp-content\/uploads\/2025\/05\/image.png 1711w\" sizes=\"auto, (max-width: 1024px) 100vw, 1024px\" \/><\/figure>\n\n\n\n<figure class=\"wp-block-image size-large\"><img loading=\"lazy\" decoding=\"async\" width=\"1000\" height=\"749\" src=\"https:\/\/tarnita.ro\/wordpress\/wp-content\/uploads\/2021\/07\/canoe.jpg\" alt=\"Canoe Rainbow Apache - Yachting Club Tarnita\" class=\"wp-image-221\" srcset=\"https:\/\/tarnita.ro\/wordpress\/wp-content\/uploads\/2021\/07\/canoe.jpg 1000w, https:\/\/tarnita.ro\/wordpress\/wp-content\/uploads\/2021\/07\/canoe-300x225.jpg 300w, https:\/\/tarnita.ro\/wordpress\/wp-content\/uploads\/2021\/07\/canoe-768x575.jpg 768w, https:\/\/tarnita.ro\/wordpress\/wp-content\/uploads\/2021\/07\/canoe-401x300.jpg 401w\" sizes=\"auto, (max-width: 1000px) 100vw, 1000px\" \/><\/figure>\n\n\n\n<p class=\"has-medium-font-size\"> <strong>Reguli caiac:<\/strong><\/p>\n\n\n\n<p>&#8211; purta\u021bi vesta de salvare \u0219i p\u0103stra\u021bile curate (pe corp uns cu crem\u0103 protectoare v\u0103 rug\u0103m s\u0103 purta\u021bi un tricou)<br>&#8211; la furtun\u0103, ploaie, ie\u0219i\u021bi la mal<br>&#8211; nu va apropia\u021bi de baraj \u0219i nu acosta\u021bi la pontoane private<br>&#8211; evita\u021bi b\u0103rcile cu motor<br>&#8211; nu face\u021bi baie cu vestele de salvare<br>&#8211; folosi\u021bi toate materialele \u00eenchiriate cu responsabilitate<\/p>\n\n\n\n<p><\/p>\n","protected":false},"excerpt":{"rendered":"<p>La Yachting Club Tarnita v\u0103 punem la dispozi\u021bie un total de 51 de caiace de 14 modele, acoperind toat\u0103 gam\u0103 de op\u021biuni pentru plimb\u0103ri cu caiacul. Avem astfel o capacitate de a pune 100 de persoane pe ap\u0103 \u00een caiace &hellip; <a href=\"https:\/\/tarnita.ro\/wordpress\/\">Continue reading <span class=\"meta-nav\">&rarr;<\/span><\/a><\/p>\n","protected":false},"author":1,"featured_media":0,"parent":0,"menu_order":0,"comment_status":"closed","ping_status":"closed","template":"","meta":{"footnotes":""},"class_list":["post-75","page","type-page","status-publish","hentry"],"_links":{"self":[{"href":"https:\/\/tarnita.ro\/wordpress\/wp-json\/wp\/v2\/pages\/75","targetHints":{"allow":["GET"]}}],"collection":[{"href":"https:\/\/tarnita.ro\/wordpress\/wp-json\/wp\/v2\/pages"}],"about":[{"href":"https:\/\/tarnita.ro\/wordpress\/wp-json\/wp\/v2\/types\/page"}],"author":[{"embeddable":true,"href":"https:\/\/tarnita.ro\/wordpress\/wp-json\/wp\/v2\/users\/1"}],"replies":[{"embeddable":true,"href":"https:\/\/tarnita.ro\/wordpress\/wp-json\/wp\/v2\/comments?post=75"}],"version-history":[{"count":35,"href":"https:\/\/tarnita.ro\/wordpress\/wp-json\/wp\/v2\/pages\/75\/revisions"}],"predecessor-version":[{"id":392,"href":"https:\/\/tarnita.ro\/wordpress\/wp-json\/wp\/v2\/pages\/75\/revisions\/392"}],"wp:attachment":[{"href":"https:\/\/tarnita.ro\/wordpress\/wp-json\/wp\/v2\/media?parent=75"}],"curies":[{"name":"wp","href":"https:\/\/api.w.org\/{rel}","templated":true}]}}